en 20 is divided by p.
4
Let a(j) = j + 1. Let n be a(3). Let d be n/2*(37 + 1). Suppose -3*z - 4*h = -d, -3*h = -5*z - 4*h + 155. Calculate the remainder when z is divided by 17.
15
Suppose 0 = 3*a + 3, 3*s - a + 69 = 1. Let y = s - -33. What is the remainder when y is divided by (14/(-35))/((-4)/40)?
2
Suppose 5*z = 83 - 13. Let t = z - 11. Suppose c + 22 = t*c. What is the remainder when 29 is divided by c?
7
Let h(f) = -8*f - 19. Let b be h(-3). Suppose -y + v = -v - 25, 5*v = -b*y + 50. Calculate the remainder when 55 is divided by y.
10
Let b(k) = k**2 - 169*k + 1611. Let r be 1 - (4 + 0)/(-2). Calculate the remainder when (-2)/r + (-250)/(-6) is divided by b(10).
20
Let j(i) = -i**2 + 16*i + 1. Let z(u) = -3*u**2 + 31*u + 1. Let v(t) = -5*j(t) + 2*z(t). Calculate the remainder when v(-17) is divided by (-4)/4 - (-7 + 1).
4
What is the remainder when (2 - 1)*5/10*142 is divided by 30?
11
Let d be (3/6)/((-5)/(-2000)). Suppose 3*g + 71 = -3*k + d, -5*g = -20. What is the remainder when k is divided by 20?
19
Let u(n) = -2*n**2 - n + 2. Let s be u(0). Suppose s*r + 32 = 4*r. Calculate the remainder when 44 is divided by r.
12
Suppose h + 30 = 4*q - 5, -4 = -q + 5*h. Suppose 3*u - 4*d + q*d - 134 = 0, -2 = -2*d. What is the remainder when u is divided by 23?
20
Let s = 1002 + -951. What is the remainder when 134 is divided by s?
32
Let d = 60 - 41. What is the remainder when 130 is divided by d?
16
Suppose -4*n + 4*d + 52 = 0, -n + 24 = 3*d - 9. What is the remainder when 2267 is divided by n?
17
Let h be ((-2)/4*0)/1. Suppose 0 = 5*n - 25, 2*n = -5*i - h*n + 45. Calculate the remainder when 20 is divided by i.
6
Let t(u) = 38*u - 170. Calculate the remainder when 70 is divided by t(5).
10
Let u = 150 - 124. Let d = u - 25. What is the remainder when 3 is divided by d?
0
Suppose -3 = f, -5*w + 217 = 3*f - 7*f. What is the remainder when w is divided by 36?
5
Suppose -t + 80 = 5*r - 3*t, 4*r - t = 67. Let j(a) = -18*a - 1. Let i be j(-4). What is the remainder when ((-2*i)/(-1))/2 is divided by r?
17
Suppose 13*f + 3*x = 11*f + 34, -2*f + 3*x = -34. Let g = 15 - 11. What is the remainder when f is divided by g?
1
Suppose -6*j + 435 = -j. Let v = 136 - j. What is the remainder when v is divided by 10?
9
Let t = 7 + 39. What is the remainder when 181 is divided by t?
43
Suppose s - 33 = -4*p + 360, -4*s = -p - 1521. What is the remainder when s is divided by 55?
51
Suppose 2*s = 4*s + 3*q - 88, -5*s + 4*q + 174 = 0. What is the remainder when s is divided by 13?
12
Let x be (3 - (3 + -1))*187/11. Suppose 4 = p - 4*q, -2*p = 4*q + x - 61. Calculate the remainder when p is divided by 13.
3
Let s = -1075 + 1140. Calculate the remainder when 776 is divided by s.
61
Let r be (-4 - (-75)/(-20))/((-1)/4). What is the remainder when 94 is divided by (-1)/8 - r/8 - -20?
14
Let w(x) = -x**2 - 7*x. Let d be w(-7). Let c be 3 - (d/(-2) - 9). What is the remainder when 15 is divided by c/8 - 13/(-2)?
7
Suppose -2*h = -z + 116, 0*z + 2*h = -z + 112. Suppose 16*v = 19*v - z. What is the remainder when v is divided by 20?
18
Suppose 0 = -2*k + 40 + 8. Calculate the remainder when 45 is divided by k.
21
Let t = -50 + 54. Let x = 14 + 1. What is the remainder when x is divided by t?
3
Let p(k) = 26*k - 14. Let w be p(5). Suppose -100 = -9*h + 5*h - 3*c, -4*h = -c - w. Calculate the remainder when 107 is divided by h.
23
Let b = -30 - -54. Calculate the remainder when 142 is divided by b.
22
Let m = 174 - 112. Let b = m + -25. Let u(d) = 4*d - 6. Calculate the remainder when b is divided by u(4).
7
Suppose 160 = 5*t - 4*r, -5*t - 2*r - r = -125. Suppose q = 1, b + 5*q = 95 + t. Calculate the remainder when b is divided by 20.
18
Let q(s) = -16*s**3 + 2*s**2 + s - 1. Let o(u) = -2*u + 17. Let h be o(9). What is the remainder when 58 is divided by q(h)?
10
Suppose 149 + 16 = 33*j. Let v(d) be the second derivative of d**5/20 - d**4/3 + d**3/3 + 2*d**2 - d. What is the remainder when v(j) is divided by 10?
9
Suppose -5*b + 10 = -2*p - p, b + 5*p = 2. Suppose z = b*t - 5 + 14, z + t = 15. What is the remainder when z is divided by 2?
1
Let x = 222 - 70. What is the remainder when x is divided by ((-2)/1)/(-1)*(-31)/(-2)?
28
Suppose -123 + 153 = 5*j. Suppose -5*a - 28 = -173. What is the remainder when a is divided by j?
5
Let s = 212 + -195. What is the remainder when 68 is divided by s?
0
Calculate the remainder when 4 - (-2 - 6 - 4)/1 is divided by 7.
2
Calculate the remainder when ((-96)/42 - -2) + 1544/14 is divided by 31.
17
Let n = -92 + 206. What is the remainder when n is divided by 13?
10
Suppose -u = 3*u. Let p(b) = 0 - 4*b**2 + u + 11*b + 1 + 3*b**2. Calculate the remainder when 30 is divided by p(10).
8
Let s(t) = -7*t**3 + 11*t**2 - 33*t + 5. Let n(z) = -4*z**3 + 5*z**2 - 17*z + 2. Let j(x) = 5*n(x) - 3*s(x). Calculate the remainder when 9 is divided by j(6).
2
Let k = 145 + -25. Suppose -44 = 2*o - k. Calculate the remainder when 111 is divided by o.
35
Suppose -857 = 52*j - 5225. Calculate the remainder when 487 is divided by j.
67
Suppose -3*h - 387 = -4*a, 90 = 4*a + 2*h - 272. Calculate the remainder when a is divided by 48.
45
Suppose 0 = 5*r, -3*v + 174 + 102 = 4*r. Calculate the remainder when v is divided by 22.
4
Calculate the remainder when 10 + 99 + (-8)/((-48)/(-18)) is divided by 29.
19
Let z = 128 - 71. Suppose 4*m = 23 + z. Calculate the remainder when 19 is divided by 215/m - 1/(-4).
8
Suppose -3*m = -3, -5*v - 2*m - 2*m = -94. Calculate the remainder when (-2)/3 + (-850)/(-6) is divided by v.
15
Let n(q) = -32*q**2 - 12*q - 3. Let m be n(-2). Let g = m - -113. What is the remainder when 298/14 - (-2)/(-7) is divided by g?
3
Suppose -26*d = -16*d. Suppose -r - 13*r + 644 = d. Let l = 28 - 4. What is the remainder when r is divided by l?
22
Suppose 2*m = -13 + 71. What is the remainder when 71 is divided by m?
13
Suppose -4*p + 133 - 37 = 0. What is the remainder when p is divided by 8?
0
What is the remainder when 206 is divided by 228/(-152)*((-256)/(-6))/(-4)?
14
Suppose -2*h = -5*b + 17, -4*h = -7*h - 2*b + 22. Calculate the remainder when (-10)/(14/6 + -3) is divided by h.
3
Let s(r) = 2*r**2 - 6*r + 34. Calculate the remainder when s(-9) is divided by 51.
46
Calculate the remainder when 6 - (-2)/(-2) - (11 + -298) is divided by 38.
26
Let g = 140 + -36. Calculate the remainder when g is divided by 16.
8
Let f = 353 + -296. What is the remainder when 168 is divided by f?
54
Let w = 76 + 42. Suppose -22 = -i - f, 2*i + w = 7*i - 3*f. Suppose i - 74 = -3*b. What is the remainder when 31 is divided by b?
14
Suppose 27*b = 11*b + 496. Let s = 54 - b. What is the remainder when s is divided by 3?
2
Suppose l = -5*b + 1618, 14*b = 16*b - 4*l - 634. What is the remainder when b is divided by 67?
55
Let a(m) = m**2 + 9*m - 21. Let g be a(-11). What is the remainder when 65 is divided by 12/g*33/12?
32
Suppose -7*p + 5*p = -32. Calculate the remainder when (24/(-20))/(6/(-405)*3) is divided by p.
11
Let o(d) = 2*d**2 + 14*d + 19. What is the remainder when 196 is divided by o(-9)?
31
Suppose a + 3*v = 4*a - 24, v = -5*a + 10. Suppose s - 3*b = 19, -2*b + 17 = a*s - 3*b. What is the remainder when 27 is divided by (s/10)/((-1)/(-35))?
13
Let j(p) = p**3 - 10*p**2 + 12*p - 23. Let o be j(10). Suppose 3*m = h + o, -3*h = -4*m + 2*h + 144. What is the remainder when 61 is divided by m?
30
Let t be 4 + 2 + -5 + 3. Suppose 0 = -7*d + t*d - 2*f - 44, 3*f + 12 = 0. Calculate the remainder when 22 is divided by 3*(-16)/d - -2.
4
Let c = -34 + 27. Let h(s) = -s**2 - 25*s - 16. Calculate the remainder when h(c) is divided by 16.
14
Suppose 21*k + 189 = 14*k. Suppose 4*m + s - 72 = 0, -2*m - m - s + 55 = 0. Calculate the remainder when m is divided by (k/12)/(27/(-72)).
5
Suppose 4*g + 8 - 116 = 0. Let q be 1/2*(6 - 12). Let n = g - q. What is the remainder when n is divided by 11?
8
Suppose -498 = -10597*w + 10591*w. Calculate the remainder when w is divided by 12.
11
Let m(o) = o**2 + 4. Let p(i) = 5*i + 1. Let k be p(-1). Calculate the remainder when m(k) is divided by 232/40 + 12/10.
6
What is the remainder when 50 is divided by (-8 - (-2 - 2))*12/(-8)?
2
Suppose 10 = r + r. Suppose -6*q + 8*q = 130. Let t = q - 51. Calculate the remainder when